{"id":980,"date":"2019-07-25T07:45:18","date_gmt":"2019-07-25T07:45:18","guid":{"rendered":"http:\/\/windowsandoffice.net\/?page_id=980"},"modified":"2025-06-19T18:33:09","modified_gmt":"2025-06-19T16:33:09","slug":"about","status":"publish","type":"page","link":"https:\/\/winandofficews.com\/spain\/about\/","title":{"rendered":"Qui\u00e9nes Somos"},"content":{"rendered":"<h2>\u00bfQui\u00e9nes somos?<\/h2>\n<p> Compra software de forma c\u00f3moda y segura online &#8211; tu socio de confianza de Microsoft<br \/>\nEl software para ordenadores, tablets, etc. forma parte esencial de nuestra vida y trabajo diario. No solo facilita numerosos procesos laborales, sino que tambi\u00e9n impulsa nuestra creatividad y optimiza incluso las tareas m\u00e1s b\u00e1sicas. En nuestra tienda de software tienes la oportunidad de comprar software online a precios inmejorables y as\u00ed aprovechar al m\u00e1ximo el potencial de tu dispositivo.<\/p>\n<p>Nuestra tienda ofrece una gran variedad de productos del l\u00edder mundial en software: Microsoft. Todo ordenador necesita un sistema operativo; sin Windows no funcionar\u00eda. El software de oficina m\u00e1s utilizado del mundo, Microsoft Office, ofrece herramientas productivas como Excel, Word y PowerPoint. Estas han sido durante a\u00f1os un est\u00e1ndar indispensable tanto en el \u00e1mbito personal como profesional.<\/p>\n<p>Garantizamos un proceso de compra sencillo para que puedas adquirir tu software online de forma segura y c\u00f3moda desde casa. Recibir\u00e1s por correo electr\u00f3nico un enlace cifrado SSL que te llevar\u00e1 a nuestro centro de descargas e instrucciones de instalaci\u00f3n. Si tienes alguna duda sobre el pedido o la instalaci\u00f3n, nuestro equipo de atenci\u00f3n al cliente multiling\u00fce est\u00e1 siempre disponible, ya sea por chat en vivo o por correo electr\u00f3nico.<\/p>\n<p>Estamos activos como proveedor de servicios IT desde 2013. Gracias a una excelente formaci\u00f3n t\u00e9cnica y una gran pasi\u00f3n por la inform\u00e1tica, nuestro equipo cuenta con un amplio conocimiento del sector. A trav\u00e9s de un asesoramiento profesional y un enfoque de trabajo estructurado, hemos logrado convencer y fidelizar a numerosos clientes, desde start-ups hasta grandes corporaciones e instituciones p\u00fablicas. Con un concepto de servicio IT bien planificado, garantizamos orientaci\u00f3n a resultados y el m\u00e1ximo rendimiento para cada cliente. Para mantenernos siempre actualizados, nos formamos regularmente y adaptamos nuestras competencias al mercado, para que t\u00fa tambi\u00e9n est\u00e9s siempre al d\u00eda.<\/p>\n<p>Haz tu pedido ahora y recibe tu software de forma inmediata gracias a nuestro env\u00edo en 2 minutos. Damos gran importancia a la calidad, lo que tambi\u00e9n se refleja en nuestra garant\u00eda de por vida. Una factura con nuestro n\u00famero de IVA proporciona total transparencia. Y si no quedas satisfecho, nuestro derecho de devoluci\u00f3n te ofrece seguridad adicional.<\/p>\n<p>\u00a1Disfruta comprando software seguro en Win &#038; Office WS!<\/p>\n<p><img loading=\"lazy\" decoding=\"async\" src=\"https:\/\/winandofficews.com\/spain\/wp-content\/uploads\/sites\/19\/2020\/07\/FONDO-SLIDES-1.png\" alt=\"\" width=\"963\" height=\"455\" \/><\/p>\n<p>&nbsp;<\/p>\n","protected":false},"excerpt":{"rendered":"<p>\u00bfQui\u00e9nes somos? Compra software de forma c\u00f3moda y segura online &#8211; tu socio de confianza de Microsoft El software para ordenadores, tablets, etc. forma parte esencial de nuestra vida y trabajo diario. No solo facilita numerosos procesos laborales, sino que tambi\u00e9n impulsa nuestra creatividad y optimiza incluso las tareas m\u00e1s&hellip; <\/p>\n","protected":false},"author":1,"featured_media":0,"parent":0,"menu_order":0,"comment_status":"closed","ping_status":"closed","template":"","meta":{"_acf_changed":false,"footnotes":""},"class_list":["post-980","page","type-page","status-publish","hentry"],"acf":[],"yoast_head":"<!-- This site is optimized with the Yoast SEO plugin v27.4 - https:\/\/yoast.com\/product\/yoast-seo-wordpress\/ -->\n<title>Qui\u00e9nes Somos - Spain<\/title>\n<meta name=\"robots\" content=\"index, follow, max-snippet:-1, max-image-preview:large, max-video-preview:-1\" \/>\n<link rel=\"canonical\" href=\"https:\/\/winandofficews.com\/spain\/about\/\" \/>\n<meta property=\"og:locale\" content=\"es_ES\" \/>\n<meta property=\"og:type\" content=\"article\" \/>\n<meta property=\"og:title\" content=\"Qui\u00e9nes Somos - Spain\" \/>\n<meta property=\"og:description\" content=\"\u00bfQui\u00e9nes somos? Compra software de forma c\u00f3moda y segura online &#8211; tu socio de confianza de Microsoft El software para ordenadores, tablets, etc. forma parte esencial de nuestra vida y trabajo diario. No solo facilita numerosos procesos laborales, sino que tambi\u00e9n impulsa nuestra creatividad y optimiza incluso las tareas m\u00e1s&hellip;\" \/>\n<meta property=\"og:url\" content=\"https:\/\/winandofficews.com\/spain\/about\/\" \/>\n<meta property=\"og:site_name\" content=\"Spain\" \/>\n<meta property=\"article:modified_time\" content=\"2025-06-19T16:33:09+00:00\" \/>\n<meta property=\"og:image\" content=\"https:\/\/winandofficews.com\/spain\/wp-content\/uploads\/sites\/19\/2020\/07\/FONDO-SLIDES-1.png\" \/>\n<meta name=\"twitter:card\" content=\"summary_large_image\" \/>\n<meta name=\"twitter:label1\" content=\"Tiempo de lectura\" \/>\n\t<meta name=\"twitter:data1\" content=\"2 minutos\" \/>\n<script type=\"application\/ld+json\" class=\"yoast-schema-graph\">{\"@context\":\"https:\\\/\\\/schema.org\",\"@graph\":[{\"@type\":\"WebPage\",\"@id\":\"https:\\\/\\\/winandofficews.com\\\/spain\\\/about\\\/\",\"url\":\"https:\\\/\\\/winandofficews.com\\\/spain\\\/about\\\/\",\"name\":\"Qui\u00e9nes Somos - Spain\",\"isPartOf\":{\"@id\":\"https:\\\/\\\/winandofficews.com\\\/spain\\\/#website\"},\"primaryImageOfPage\":{\"@id\":\"https:\\\/\\\/winandofficews.com\\\/spain\\\/about\\\/#primaryimage\"},\"image\":{\"@id\":\"https:\\\/\\\/winandofficews.com\\\/spain\\\/about\\\/#primaryimage\"},\"thumbnailUrl\":\"https:\\\/\\\/winandofficews.com\\\/spain\\\/wp-content\\\/uploads\\\/sites\\\/19\\\/2020\\\/07\\\/FONDO-SLIDES-1.png\",\"datePublished\":\"2019-07-25T07:45:18+00:00\",\"dateModified\":\"2025-06-19T16:33:09+00:00\",\"breadcrumb\":{\"@id\":\"https:\\\/\\\/winandofficews.com\\\/spain\\\/about\\\/#breadcrumb\"},\"inLanguage\":\"es\",\"potentialAction\":[{\"@type\":\"ReadAction\",\"target\":[\"https:\\\/\\\/winandofficews.com\\\/spain\\\/about\\\/\"]}]},{\"@type\":\"ImageObject\",\"inLanguage\":\"es\",\"@id\":\"https:\\\/\\\/winandofficews.com\\\/spain\\\/about\\\/#primaryimage\",\"url\":\"\",\"contentUrl\":\"\"},{\"@type\":\"BreadcrumbList\",\"@id\":\"https:\\\/\\\/winandofficews.com\\\/spain\\\/about\\\/#breadcrumb\",\"itemListElement\":[{\"@type\":\"ListItem\",\"position\":1,\"name\":\"Home\",\"item\":\"https:\\\/\\\/winandofficews.com\\\/spain\\\/\"},{\"@type\":\"ListItem\",\"position\":2,\"name\":\"Qui\u00e9nes Somos\"}]},{\"@type\":\"WebSite\",\"@id\":\"https:\\\/\\\/winandofficews.com\\\/spain\\\/#website\",\"url\":\"https:\\\/\\\/winandofficews.com\\\/spain\\\/\",\"name\":\"Spain\",\"description\":\"Wholesales Store of Office\",\"publisher\":{\"@id\":\"https:\\\/\\\/winandofficews.com\\\/spain\\\/#organization\"},\"potentialAction\":[{\"@type\":\"SearchAction\",\"target\":{\"@type\":\"EntryPoint\",\"urlTemplate\":\"https:\\\/\\\/winandofficews.com\\\/spain\\\/?s={search_term_string}\"},\"query-input\":{\"@type\":\"PropertyValueSpecification\",\"valueRequired\":true,\"valueName\":\"search_term_string\"}}],\"inLanguage\":\"es\"},{\"@type\":\"Organization\",\"@id\":\"https:\\\/\\\/winandofficews.com\\\/spain\\\/#organization\",\"name\":\"Spain\",\"url\":\"https:\\\/\\\/winandofficews.com\\\/spain\\\/\",\"logo\":{\"@type\":\"ImageObject\",\"inLanguage\":\"es\",\"@id\":\"https:\\\/\\\/winandofficews.com\\\/spain\\\/#\\\/schema\\\/logo\\\/image\\\/\",\"url\":\"https:\\\/\\\/winandofficews.com\\\/spain\\\/wp-content\\\/uploads\\\/sites\\\/19\\\/logo14.png\",\"contentUrl\":\"https:\\\/\\\/winandofficews.com\\\/spain\\\/wp-content\\\/uploads\\\/sites\\\/19\\\/logo14.png\",\"width\":322,\"height\":116,\"caption\":\"Spain\"},\"image\":{\"@id\":\"https:\\\/\\\/winandofficews.com\\\/spain\\\/#\\\/schema\\\/logo\\\/image\\\/\"}}]}<\/script>\n<!-- \/ Yoast SEO plugin. -->","yoast_head_json":{"title":"Qui\u00e9nes Somos - Spain","robots":{"index":"index","follow":"follow","max-snippet":"max-snippet:-1","max-image-preview":"max-image-preview:large","max-video-preview":"max-video-preview:-1"},"canonical":"https:\/\/winandofficews.com\/spain\/about\/","og_locale":"es_ES","og_type":"article","og_title":"Qui\u00e9nes Somos - Spain","og_description":"\u00bfQui\u00e9nes somos? Compra software de forma c\u00f3moda y segura online &#8211; tu socio de confianza de Microsoft El software para ordenadores, tablets, etc. forma parte esencial de nuestra vida y trabajo diario. No solo facilita numerosos procesos laborales, sino que tambi\u00e9n impulsa nuestra creatividad y optimiza incluso las tareas m\u00e1s&hellip;","og_url":"https:\/\/winandofficews.com\/spain\/about\/","og_site_name":"Spain","article_modified_time":"2025-06-19T16:33:09+00:00","og_image":[{"url":"https:\/\/winandofficews.com\/spain\/wp-content\/uploads\/sites\/19\/2020\/07\/FONDO-SLIDES-1.png","type":"","width":"","height":""}],"twitter_card":"summary_large_image","twitter_misc":{"Tiempo de lectura":"2 minutos"},"schema":{"@context":"https:\/\/schema.org","@graph":[{"@type":"WebPage","@id":"https:\/\/winandofficews.com\/spain\/about\/","url":"https:\/\/winandofficews.com\/spain\/about\/","name":"Qui\u00e9nes Somos - Spain","isPartOf":{"@id":"https:\/\/winandofficews.com\/spain\/#website"},"primaryImageOfPage":{"@id":"https:\/\/winandofficews.com\/spain\/about\/#primaryimage"},"image":{"@id":"https:\/\/winandofficews.com\/spain\/about\/#primaryimage"},"thumbnailUrl":"https:\/\/winandofficews.com\/spain\/wp-content\/uploads\/sites\/19\/2020\/07\/FONDO-SLIDES-1.png","datePublished":"2019-07-25T07:45:18+00:00","dateModified":"2025-06-19T16:33:09+00:00","breadcrumb":{"@id":"https:\/\/winandofficews.com\/spain\/about\/#breadcrumb"},"inLanguage":"es","potentialAction":[{"@type":"ReadAction","target":["https:\/\/winandofficews.com\/spain\/about\/"]}]},{"@type":"ImageObject","inLanguage":"es","@id":"https:\/\/winandofficews.com\/spain\/about\/#primaryimage","url":"","contentUrl":""},{"@type":"BreadcrumbList","@id":"https:\/\/winandofficews.com\/spain\/about\/#breadcrumb","itemListElement":[{"@type":"ListItem","position":1,"name":"Home","item":"https:\/\/winandofficews.com\/spain\/"},{"@type":"ListItem","position":2,"name":"Qui\u00e9nes Somos"}]},{"@type":"WebSite","@id":"https:\/\/winandofficews.com\/spain\/#website","url":"https:\/\/winandofficews.com\/spain\/","name":"Spain","description":"Wholesales Store of Office","publisher":{"@id":"https:\/\/winandofficews.com\/spain\/#organization"},"potentialAction":[{"@type":"SearchAction","target":{"@type":"EntryPoint","urlTemplate":"https:\/\/winandofficews.com\/spain\/?s={search_term_string}"},"query-input":{"@type":"PropertyValueSpecification","valueRequired":true,"valueName":"search_term_string"}}],"inLanguage":"es"},{"@type":"Organization","@id":"https:\/\/winandofficews.com\/spain\/#organization","name":"Spain","url":"https:\/\/winandofficews.com\/spain\/","logo":{"@type":"ImageObject","inLanguage":"es","@id":"https:\/\/winandofficews.com\/spain\/#\/schema\/logo\/image\/","url":"https:\/\/winandofficews.com\/spain\/wp-content\/uploads\/sites\/19\/logo14.png","contentUrl":"https:\/\/winandofficews.com\/spain\/wp-content\/uploads\/sites\/19\/logo14.png","width":322,"height":116,"caption":"Spain"},"image":{"@id":"https:\/\/winandofficews.com\/spain\/#\/schema\/logo\/image\/"}}]}},"_links":{"self":[{"href":"https:\/\/winandofficews.com\/spain\/wp-json\/wp\/v2\/pages\/980","targetHints":{"allow":["GET"]}}],"collection":[{"href":"https:\/\/winandofficews.com\/spain\/wp-json\/wp\/v2\/pages"}],"about":[{"href":"https:\/\/winandofficews.com\/spain\/wp-json\/wp\/v2\/types\/page"}],"author":[{"embeddable":true,"href":"https:\/\/winandofficews.com\/spain\/wp-json\/wp\/v2\/users\/1"}],"replies":[{"embeddable":true,"href":"https:\/\/winandofficews.com\/spain\/wp-json\/wp\/v2\/comments?post=980"}],"version-history":[{"count":0,"href":"https:\/\/winandofficews.com\/spain\/wp-json\/wp\/v2\/pages\/980\/revisions"}],"wp:attachment":[{"href":"https:\/\/winandofficews.com\/spain\/wp-json\/wp\/v2\/media?parent=980"}],"curies":[{"name":"wp","href":"https:\/\/api.w.org\/{rel}","templated":true}]}}