{"id":3475,"date":"2021-06-25T18:49:48","date_gmt":"2021-06-25T18:49:48","guid":{"rendered":"https:\/\/winandofficews.com\/spain\/?page_id=3475"},"modified":"2025-06-19T18:56:19","modified_gmt":"2025-06-19T16:56:19","slug":"refunds-policy","status":"publish","type":"page","link":"https:\/\/winandofficews.com\/spain\/refunds-policy\/","title":{"rendered":"Pol\u00edtica de devoluciones y reembolsos"},"content":{"rendered":"<ul style=\"padding-left: 20px;\">\n<li>Sin gastos de devoluci\u00f3n<\/li>\n<li>Sin costes de env\u00edo<\/li>\n<li>Reembolso completo en 30 d\u00edas<\/li>\n<li>Garant\u00eda de reemplazo de por vida<\/li>\n<\/ul>\n<p><strong>Pol\u00edtica de Cancelaci\u00f3n<\/strong><br \/>\nUsted tiene derecho a cancelar este contrato sin necesidad de justificar su decisi\u00f3n dentro de los 30 d\u00edas siguientes a la recepci\u00f3n de los bienes. Para ejercer su derecho de desistimiento, debe notificarnos su decisi\u00f3n de cancelar este contrato mediante una declaraci\u00f3n clara (por ejemplo, una carta enviada por correo postal, fax o correo electr\u00f3nico). Puede utilizar el modelo de formulario adjunto para este fin.<\/p>\n<div style=\"border: dashed 1px gray; border-radius: 5px; background-color: #f5f5f5; padding: 5px; margin-bottom: 15px;\">\n  <strong>Propietario:<\/strong> INES CASTRO ANDIA<br \/>\n  <strong>Ubicaci\u00f3n en Alemania:<\/strong> Samoastra\u00dfe 1, 13353 Berlin, Germany<br \/>\n  <strong>Tel.:<\/strong> +49 60213274874<br \/>\n  <strong>Email:<\/strong> <a href='mailto:spain@winandofficews.com'>spain@winandofficews.com<\/a>\n<\/div>\n<p><strong>Formulario de desistimiento modelo<\/strong><br \/>\n(Si desea cancelar el contrato, por favor rellene este formulario y devu\u00e9lvalo.)<\/p>\n<div style=\"border: dashed 1px gray; border-radius: 5px; background-color: #f5f5f5; padding: 5px; margin-bottom: 15px;\">\n  Yo\/nosotros () por la presente cancelamos el contrato celebrado por m\u00ed\/nosotros () para la compra de los siguientes bienes () \/ la prestaci\u00f3n de los siguientes servicios ():<\/p>\n<ul style=\"padding-left: 20px;\">\n<li>Pedido realizado el () \/ recibido el ()<\/li>\n<li>Nombre del\/de los consumidor(es)<\/li>\n<li>Direcci\u00f3n del\/de los consumidor(es)<\/li>\n<li>Firma del\/de los consumidor(es) (solo si la notificaci\u00f3n se realiza en papel)<\/li>\n<li>Fecha<\/li>\n<\/ul>\n<\/div>\n<p><em>(*) Borre lo que no proceda.<\/em><br \/>\nPara cumplir con el plazo de desistimiento, es suficiente con que env\u00ede la comunicaci\u00f3n relativa al ejercicio de su derecho de desistimiento antes de que expire el plazo correspondiente.<\/p>\n<p><strong>Consecuencias de la cancelaci\u00f3n:<\/strong><br \/>\nSi cancela este contrato, le reembolsaremos inmediatamente todos los pagos que hayamos recibido de usted, incluidos los gastos de env\u00edo (excepto los costes adicionales resultantes de la elecci\u00f3n de un tipo de env\u00edo diferente al tipo de env\u00edo menos costoso que ofrecemos). Para este reembolso, utilizaremos el mismo medio de pago que utiliz\u00f3 para la transacci\u00f3n original, salvo que haya acordado expresamente lo contrario con usted; en ning\u00fan caso se le cobrar\u00e1 ninguna comisi\u00f3n por dicho reembolso.<\/p>\n<p><strong>Garant\u00eda de reemplazo de por vida:<\/strong><br \/>\nSi pierde el plazo de reembolso de 30 d\u00edas, ofrecemos una garant\u00eda de reemplazo de por vida para el producto. Si el producto presenta alg\u00fan defecto durante su uso, recibir\u00e1 un reemplazo gratuito.<\/p>\n<div style=\"border: dashed 1px gray; border-radius: 5px; background-color: #f5f5f5; padding: 5px; margin-bottom: 15px;\">\n  <strong>Propietario:<\/strong> INES CASTRO ANDIA<br \/>\n  <strong>Ubicaci\u00f3n en Alemania:<\/strong> Samoastra\u00dfe 1, 13353 Berlin, Germany<br \/>\n  <strong>Tel.:<\/strong> +49 60213274874<br \/>\n  <strong>Email:<\/strong> <a href='mailto:spain@winandofficews.com'>spain@winandofficews.com<\/a>\n<\/div>\n","protected":false},"excerpt":{"rendered":"<p>Sin gastos de devoluci\u00f3n Sin costes de env\u00edo Reembolso completo en 30 d\u00edas Garant\u00eda de reemplazo de por vida Pol\u00edtica de Cancelaci\u00f3n Usted tiene derecho a cancelar este contrato sin necesidad de justificar su decisi\u00f3n dentro de los 30 d\u00edas siguientes a la recepci\u00f3n de los bienes. Para ejercer su&hellip; <\/p>\n","protected":false},"author":1,"featured_media":0,"parent":0,"menu_order":0,"comment_status":"closed","ping_status":"closed","template":"","meta":{"_acf_changed":false,"footnotes":""},"class_list":["post-3475","page","type-page","status-publish","hentry"],"acf":[],"yoast_head":"<!-- This site is optimized with the Yoast SEO plugin v27.4 - https:\/\/yoast.com\/product\/yoast-seo-wordpress\/ -->\n<title>Pol\u00edtica de devoluciones y reembolsos - Spain<\/title>\n<meta name=\"robots\" content=\"index, follow, max-snippet:-1, max-image-preview:large, max-video-preview:-1\" \/>\n<link rel=\"canonical\" href=\"https:\/\/winandofficews.com\/spain\/refunds-policy\/\" \/>\n<meta property=\"og:locale\" content=\"es_ES\" \/>\n<meta property=\"og:type\" content=\"article\" \/>\n<meta property=\"og:title\" content=\"Pol\u00edtica de devoluciones y reembolsos - Spain\" \/>\n<meta property=\"og:description\" content=\"Sin gastos de devoluci\u00f3n Sin costes de env\u00edo Reembolso completo en 30 d\u00edas Garant\u00eda de reemplazo de por vida Pol\u00edtica de Cancelaci\u00f3n Usted tiene derecho a cancelar este contrato sin necesidad de justificar su decisi\u00f3n dentro de los 30 d\u00edas siguientes a la recepci\u00f3n de los bienes. Para ejercer su&hellip;\" \/>\n<meta property=\"og:url\" content=\"https:\/\/winandofficews.com\/spain\/refunds-policy\/\" \/>\n<meta property=\"og:site_name\" content=\"Spain\" \/>\n<meta property=\"article:modified_time\" content=\"2025-06-19T16:56:19+00:00\" \/>\n<meta name=\"twitter:card\" content=\"summary_large_image\" \/>\n<meta name=\"twitter:label1\" content=\"Tiempo de lectura\" \/>\n\t<meta name=\"twitter:data1\" content=\"2 minutos\" \/>\n<script type=\"application\/ld+json\" class=\"yoast-schema-graph\">{\"@context\":\"https:\\\/\\\/schema.org\",\"@graph\":[{\"@type\":\"WebPage\",\"@id\":\"https:\\\/\\\/winandofficews.com\\\/spain\\\/refunds-policy\\\/\",\"url\":\"https:\\\/\\\/winandofficews.com\\\/spain\\\/refunds-policy\\\/\",\"name\":\"Pol\u00edtica de devoluciones y reembolsos - Spain\",\"isPartOf\":{\"@id\":\"https:\\\/\\\/winandofficews.com\\\/spain\\\/#website\"},\"datePublished\":\"2021-06-25T18:49:48+00:00\",\"dateModified\":\"2025-06-19T16:56:19+00:00\",\"breadcrumb\":{\"@id\":\"https:\\\/\\\/winandofficews.com\\\/spain\\\/refunds-policy\\\/#breadcrumb\"},\"inLanguage\":\"es\",\"potentialAction\":[{\"@type\":\"ReadAction\",\"target\":[\"https:\\\/\\\/winandofficews.com\\\/spain\\\/refunds-policy\\\/\"]}]},{\"@type\":\"BreadcrumbList\",\"@id\":\"https:\\\/\\\/winandofficews.com\\\/spain\\\/refunds-policy\\\/#breadcrumb\",\"itemListElement\":[{\"@type\":\"ListItem\",\"position\":1,\"name\":\"Home\",\"item\":\"https:\\\/\\\/winandofficews.com\\\/spain\\\/\"},{\"@type\":\"ListItem\",\"position\":2,\"name\":\"Pol\u00edtica de devoluciones y reembolsos\"}]},{\"@type\":\"WebSite\",\"@id\":\"https:\\\/\\\/winandofficews.com\\\/spain\\\/#website\",\"url\":\"https:\\\/\\\/winandofficews.com\\\/spain\\\/\",\"name\":\"Spain\",\"description\":\"Wholesales Store of Office\",\"publisher\":{\"@id\":\"https:\\\/\\\/winandofficews.com\\\/spain\\\/#organization\"},\"potentialAction\":[{\"@type\":\"SearchAction\",\"target\":{\"@type\":\"EntryPoint\",\"urlTemplate\":\"https:\\\/\\\/winandofficews.com\\\/spain\\\/?s={search_term_string}\"},\"query-input\":{\"@type\":\"PropertyValueSpecification\",\"valueRequired\":true,\"valueName\":\"search_term_string\"}}],\"inLanguage\":\"es\"},{\"@type\":\"Organization\",\"@id\":\"https:\\\/\\\/winandofficews.com\\\/spain\\\/#organization\",\"name\":\"Spain\",\"url\":\"https:\\\/\\\/winandofficews.com\\\/spain\\\/\",\"logo\":{\"@type\":\"ImageObject\",\"inLanguage\":\"es\",\"@id\":\"https:\\\/\\\/winandofficews.com\\\/spain\\\/#\\\/schema\\\/logo\\\/image\\\/\",\"url\":\"https:\\\/\\\/winandofficews.com\\\/spain\\\/wp-content\\\/uploads\\\/sites\\\/19\\\/logo14.png\",\"contentUrl\":\"https:\\\/\\\/winandofficews.com\\\/spain\\\/wp-content\\\/uploads\\\/sites\\\/19\\\/logo14.png\",\"width\":322,\"height\":116,\"caption\":\"Spain\"},\"image\":{\"@id\":\"https:\\\/\\\/winandofficews.com\\\/spain\\\/#\\\/schema\\\/logo\\\/image\\\/\"}}]}<\/script>\n<!-- \/ Yoast SEO plugin. -->","yoast_head_json":{"title":"Pol\u00edtica de devoluciones y reembolsos - Spain","robots":{"index":"index","follow":"follow","max-snippet":"max-snippet:-1","max-image-preview":"max-image-preview:large","max-video-preview":"max-video-preview:-1"},"canonical":"https:\/\/winandofficews.com\/spain\/refunds-policy\/","og_locale":"es_ES","og_type":"article","og_title":"Pol\u00edtica de devoluciones y reembolsos - Spain","og_description":"Sin gastos de devoluci\u00f3n Sin costes de env\u00edo Reembolso completo en 30 d\u00edas Garant\u00eda de reemplazo de por vida Pol\u00edtica de Cancelaci\u00f3n Usted tiene derecho a cancelar este contrato sin necesidad de justificar su decisi\u00f3n dentro de los 30 d\u00edas siguientes a la recepci\u00f3n de los bienes. Para ejercer su&hellip;","og_url":"https:\/\/winandofficews.com\/spain\/refunds-policy\/","og_site_name":"Spain","article_modified_time":"2025-06-19T16:56:19+00:00","twitter_card":"summary_large_image","twitter_misc":{"Tiempo de lectura":"2 minutos"},"schema":{"@context":"https:\/\/schema.org","@graph":[{"@type":"WebPage","@id":"https:\/\/winandofficews.com\/spain\/refunds-policy\/","url":"https:\/\/winandofficews.com\/spain\/refunds-policy\/","name":"Pol\u00edtica de devoluciones y reembolsos - Spain","isPartOf":{"@id":"https:\/\/winandofficews.com\/spain\/#website"},"datePublished":"2021-06-25T18:49:48+00:00","dateModified":"2025-06-19T16:56:19+00:00","breadcrumb":{"@id":"https:\/\/winandofficews.com\/spain\/refunds-policy\/#breadcrumb"},"inLanguage":"es","potentialAction":[{"@type":"ReadAction","target":["https:\/\/winandofficews.com\/spain\/refunds-policy\/"]}]},{"@type":"BreadcrumbList","@id":"https:\/\/winandofficews.com\/spain\/refunds-policy\/#breadcrumb","itemListElement":[{"@type":"ListItem","position":1,"name":"Home","item":"https:\/\/winandofficews.com\/spain\/"},{"@type":"ListItem","position":2,"name":"Pol\u00edtica de devoluciones y reembolsos"}]},{"@type":"WebSite","@id":"https:\/\/winandofficews.com\/spain\/#website","url":"https:\/\/winandofficews.com\/spain\/","name":"Spain","description":"Wholesales Store of Office","publisher":{"@id":"https:\/\/winandofficews.com\/spain\/#organization"},"potentialAction":[{"@type":"SearchAction","target":{"@type":"EntryPoint","urlTemplate":"https:\/\/winandofficews.com\/spain\/?s={search_term_string}"},"query-input":{"@type":"PropertyValueSpecification","valueRequired":true,"valueName":"search_term_string"}}],"inLanguage":"es"},{"@type":"Organization","@id":"https:\/\/winandofficews.com\/spain\/#organization","name":"Spain","url":"https:\/\/winandofficews.com\/spain\/","logo":{"@type":"ImageObject","inLanguage":"es","@id":"https:\/\/winandofficews.com\/spain\/#\/schema\/logo\/image\/","url":"https:\/\/winandofficews.com\/spain\/wp-content\/uploads\/sites\/19\/logo14.png","contentUrl":"https:\/\/winandofficews.com\/spain\/wp-content\/uploads\/sites\/19\/logo14.png","width":322,"height":116,"caption":"Spain"},"image":{"@id":"https:\/\/winandofficews.com\/spain\/#\/schema\/logo\/image\/"}}]}},"_links":{"self":[{"href":"https:\/\/winandofficews.com\/spain\/wp-json\/wp\/v2\/pages\/3475","targetHints":{"allow":["GET"]}}],"collection":[{"href":"https:\/\/winandofficews.com\/spain\/wp-json\/wp\/v2\/pages"}],"about":[{"href":"https:\/\/winandofficews.com\/spain\/wp-json\/wp\/v2\/types\/page"}],"author":[{"embeddable":true,"href":"https:\/\/winandofficews.com\/spain\/wp-json\/wp\/v2\/users\/1"}],"replies":[{"embeddable":true,"href":"https:\/\/winandofficews.com\/spain\/wp-json\/wp\/v2\/comments?post=3475"}],"version-history":[{"count":0,"href":"https:\/\/winandofficews.com\/spain\/wp-json\/wp\/v2\/pages\/3475\/revisions"}],"wp:attachment":[{"href":"https:\/\/winandofficews.com\/spain\/wp-json\/wp\/v2\/media?parent=3475"}],"curies":[{"name":"wp","href":"https:\/\/api.w.org\/{rel}","templated":true}]}}