{"id":980,"date":"2019-07-25T07:45:18","date_gmt":"2019-07-25T07:45:18","guid":{"rendered":"http:\/\/windowsandoffice.net\/?page_id=980"},"modified":"2025-06-19T16:24:55","modified_gmt":"2025-06-19T14:24:55","slug":"about","status":"publish","type":"page","link":"https:\/\/winandofficews.com\/italy\/about\/","title":{"rendered":"Chi siamo"},"content":{"rendered":"<h2>Chi siamo?<\/h2>\n<p>Acquista software in modo comodo e sicuro online \u2013 il tuo partner Microsoft<\/p>\n<p>Il software per computer, tablet e altri dispositivi \u00e8 parte integrante della nostra vita quotidiana e lavorativa. Non solo facilita numerosi processi, ma stimola anche la nostra creativit\u00e0 e ottimizza persino le attivit\u00e0 pi\u00f9 semplici. Nel nostro shop hai la possibilit\u00e0 di acquistare software online a prezzi imbattibili, sfruttando cos\u00ec tutto il potenziale del tuo dispositivo.<\/p>\n<p>Il nostro negozio online ti offre una vasta gamma di prodotti del leader mondiale nel settore software: Microsoft. Ogni PC ha bisogno di un sistema operativo: senza Windows sarebbe inutilizzabile. Il pacchetto Office di Microsoft, con strumenti produttivi come Excel, Word e PowerPoint, \u00e8 da anni lo standard indispensabile sia in ambito privato che professionale.<\/p>\n<p>Ti garantiamo un processo d\u2019ordine semplice, cos\u00ec puoi acquistare il tuo software online in modo sicuro e comodo da casa. Riceverai un link SSL criptato via e-mail che ti porter\u00e0 al nostro centro download con le istruzioni per l\u2019installazione. In caso di domande sull\u2019ordine o sull\u2019installazione, il nostro servizio clienti multilingue \u00e8 sempre a tua disposizione, tramite chat dal vivo o e-mail.<\/p>\n<p>Siamo attivi come fornitori di servizi IT dal 2013. Grazie a una formazione specialistica eccellente e a una profonda passione per l\u2019informatica, il nostro team possiede un know-how esteso. Con consulenza professionale e un approccio strutturato, abbiamo conquistato e fidelizzato numerosi clienti: dalle start-up alle multinazionali fino alle istituzioni pubbliche. Con un concetto di servizio IT ben studiato, garantiamo orientamento ai risultati e massime prestazioni per ogni cliente. Per restare sempre aggiornati, seguiamo corsi di formazione regolari e adeguiamo le nostre competenze al mercato \u2013 affinch\u00e9 anche tu sia sempre al passo coi tempi.<\/p>\n<p>Ordina ora e ricevi il tuo software immediatamente grazie alla spedizione in 2 minuti. Diamo grande importanza alla qualit\u00e0, come dimostrato dalla nostra garanzia a vita. Una fattura con il nostro numero di partita IVA garantisce la massima trasparenza. E se non sei soddisfatto, il nostro diritto di recesso ti offre ulteriore sicurezza.<\/p>\n<p>Buon acquisto di software sicuro con Win &amp; Office WS!<\/p>\n<p><img loading=\"lazy\" decoding=\"async\" src=\"https:\/\/winandofficews.com\/italy\/wp-content\/uploads\/sites\/18\/2020\/07\/FONDO-SLIDES-1.png\" alt=\"\" width=\"963\" height=\"455\" \/><\/p>\n","protected":false},"excerpt":{"rendered":"<p>Chi siamo? Acquista software in modo comodo e sicuro online \u2013 il tuo partner Microsoft Il software per computer, tablet e altri dispositivi \u00e8 parte integrante della nostra vita quotidiana e lavorativa. Non solo facilita numerosi processi, ma stimola anche la nostra creativit\u00e0 e ottimizza persino le attivit\u00e0 pi\u00f9 semplici.&hellip; <\/p>\n","protected":false},"author":1,"featured_media":0,"parent":0,"menu_order":0,"comment_status":"closed","ping_status":"closed","template":"","meta":{"_acf_changed":false,"footnotes":""},"class_list":["post-980","page","type-page","status-publish","hentry"],"acf":[],"yoast_head":"<!-- This site is optimized with the Yoast SEO plugin v27.4 - https:\/\/yoast.com\/product\/yoast-seo-wordpress\/ -->\n<title>Chi siamo - Italy<\/title>\n<meta name=\"robots\" content=\"index, follow, max-snippet:-1, max-image-preview:large, max-video-preview:-1\" \/>\n<link rel=\"canonical\" href=\"https:\/\/winandofficews.com\/italy\/about\/\" \/>\n<meta property=\"og:locale\" content=\"it_IT\" \/>\n<meta property=\"og:type\" content=\"article\" \/>\n<meta property=\"og:title\" content=\"Chi siamo - Italy\" \/>\n<meta property=\"og:description\" content=\"Chi siamo? Acquista software in modo comodo e sicuro online \u2013 il tuo partner Microsoft Il software per computer, tablet e altri dispositivi \u00e8 parte integrante della nostra vita quotidiana e lavorativa. Non solo facilita numerosi processi, ma stimola anche la nostra creativit\u00e0 e ottimizza persino le attivit\u00e0 pi\u00f9 semplici.&hellip;\" \/>\n<meta property=\"og:url\" content=\"https:\/\/winandofficews.com\/italy\/about\/\" \/>\n<meta property=\"og:site_name\" content=\"Italy\" \/>\n<meta property=\"article:modified_time\" content=\"2025-06-19T14:24:55+00:00\" \/>\n<meta property=\"og:image\" content=\"https:\/\/winandofficews.com\/italy\/wp-content\/uploads\/sites\/18\/2020\/07\/FONDO-SLIDES-1.png\" \/>\n<meta name=\"twitter:card\" content=\"summary_large_image\" \/>\n<meta name=\"twitter:label1\" content=\"Tempo di lettura stimato\" \/>\n\t<meta name=\"twitter:data1\" content=\"3 minuti\" \/>\n<script type=\"application\/ld+json\" class=\"yoast-schema-graph\">{\"@context\":\"https:\\\/\\\/schema.org\",\"@graph\":[{\"@type\":\"WebPage\",\"@id\":\"https:\\\/\\\/winandofficews.com\\\/italy\\\/about\\\/\",\"url\":\"https:\\\/\\\/winandofficews.com\\\/italy\\\/about\\\/\",\"name\":\"Chi siamo - Italy\",\"isPartOf\":{\"@id\":\"https:\\\/\\\/winandofficews.com\\\/italy\\\/#website\"},\"primaryImageOfPage\":{\"@id\":\"https:\\\/\\\/winandofficews.com\\\/italy\\\/about\\\/#primaryimage\"},\"image\":{\"@id\":\"https:\\\/\\\/winandofficews.com\\\/italy\\\/about\\\/#primaryimage\"},\"thumbnailUrl\":\"https:\\\/\\\/winandofficews.com\\\/italy\\\/wp-content\\\/uploads\\\/sites\\\/18\\\/2020\\\/07\\\/FONDO-SLIDES-1.png\",\"datePublished\":\"2019-07-25T07:45:18+00:00\",\"dateModified\":\"2025-06-19T14:24:55+00:00\",\"breadcrumb\":{\"@id\":\"https:\\\/\\\/winandofficews.com\\\/italy\\\/about\\\/#breadcrumb\"},\"inLanguage\":\"it-IT\",\"potentialAction\":[{\"@type\":\"ReadAction\",\"target\":[\"https:\\\/\\\/winandofficews.com\\\/italy\\\/about\\\/\"]}]},{\"@type\":\"ImageObject\",\"inLanguage\":\"it-IT\",\"@id\":\"https:\\\/\\\/winandofficews.com\\\/italy\\\/about\\\/#primaryimage\",\"url\":\"\",\"contentUrl\":\"\"},{\"@type\":\"BreadcrumbList\",\"@id\":\"https:\\\/\\\/winandofficews.com\\\/italy\\\/about\\\/#breadcrumb\",\"itemListElement\":[{\"@type\":\"ListItem\",\"position\":1,\"name\":\"Home\",\"item\":\"https:\\\/\\\/winandofficews.com\\\/italy\\\/\"},{\"@type\":\"ListItem\",\"position\":2,\"name\":\"Chi siamo\"}]},{\"@type\":\"WebSite\",\"@id\":\"https:\\\/\\\/winandofficews.com\\\/italy\\\/#website\",\"url\":\"https:\\\/\\\/winandofficews.com\\\/italy\\\/\",\"name\":\"Italy\",\"description\":\"Wholesales Store of Office\",\"publisher\":{\"@id\":\"https:\\\/\\\/winandofficews.com\\\/italy\\\/#organization\"},\"potentialAction\":[{\"@type\":\"SearchAction\",\"target\":{\"@type\":\"EntryPoint\",\"urlTemplate\":\"https:\\\/\\\/winandofficews.com\\\/italy\\\/?s={search_term_string}\"},\"query-input\":{\"@type\":\"PropertyValueSpecification\",\"valueRequired\":true,\"valueName\":\"search_term_string\"}}],\"inLanguage\":\"it-IT\"},{\"@type\":\"Organization\",\"@id\":\"https:\\\/\\\/winandofficews.com\\\/italy\\\/#organization\",\"name\":\"Italy\",\"url\":\"https:\\\/\\\/winandofficews.com\\\/italy\\\/\",\"logo\":{\"@type\":\"ImageObject\",\"inLanguage\":\"it-IT\",\"@id\":\"https:\\\/\\\/winandofficews.com\\\/italy\\\/#\\\/schema\\\/logo\\\/image\\\/\",\"url\":\"https:\\\/\\\/winandofficews.com\\\/italy\\\/wp-content\\\/uploads\\\/sites\\\/18\\\/logo14.png\",\"contentUrl\":\"https:\\\/\\\/winandofficews.com\\\/italy\\\/wp-content\\\/uploads\\\/sites\\\/18\\\/logo14.png\",\"width\":322,\"height\":116,\"caption\":\"Italy\"},\"image\":{\"@id\":\"https:\\\/\\\/winandofficews.com\\\/italy\\\/#\\\/schema\\\/logo\\\/image\\\/\"}}]}<\/script>\n<!-- \/ Yoast SEO plugin. -->","yoast_head_json":{"title":"Chi siamo - Italy","robots":{"index":"index","follow":"follow","max-snippet":"max-snippet:-1","max-image-preview":"max-image-preview:large","max-video-preview":"max-video-preview:-1"},"canonical":"https:\/\/winandofficews.com\/italy\/about\/","og_locale":"it_IT","og_type":"article","og_title":"Chi siamo - Italy","og_description":"Chi siamo? Acquista software in modo comodo e sicuro online \u2013 il tuo partner Microsoft Il software per computer, tablet e altri dispositivi \u00e8 parte integrante della nostra vita quotidiana e lavorativa. Non solo facilita numerosi processi, ma stimola anche la nostra creativit\u00e0 e ottimizza persino le attivit\u00e0 pi\u00f9 semplici.&hellip;","og_url":"https:\/\/winandofficews.com\/italy\/about\/","og_site_name":"Italy","article_modified_time":"2025-06-19T14:24:55+00:00","og_image":[{"url":"https:\/\/winandofficews.com\/italy\/wp-content\/uploads\/sites\/18\/2020\/07\/FONDO-SLIDES-1.png","type":"","width":"","height":""}],"twitter_card":"summary_large_image","twitter_misc":{"Tempo di lettura stimato":"3 minuti"},"schema":{"@context":"https:\/\/schema.org","@graph":[{"@type":"WebPage","@id":"https:\/\/winandofficews.com\/italy\/about\/","url":"https:\/\/winandofficews.com\/italy\/about\/","name":"Chi siamo - Italy","isPartOf":{"@id":"https:\/\/winandofficews.com\/italy\/#website"},"primaryImageOfPage":{"@id":"https:\/\/winandofficews.com\/italy\/about\/#primaryimage"},"image":{"@id":"https:\/\/winandofficews.com\/italy\/about\/#primaryimage"},"thumbnailUrl":"https:\/\/winandofficews.com\/italy\/wp-content\/uploads\/sites\/18\/2020\/07\/FONDO-SLIDES-1.png","datePublished":"2019-07-25T07:45:18+00:00","dateModified":"2025-06-19T14:24:55+00:00","breadcrumb":{"@id":"https:\/\/winandofficews.com\/italy\/about\/#breadcrumb"},"inLanguage":"it-IT","potentialAction":[{"@type":"ReadAction","target":["https:\/\/winandofficews.com\/italy\/about\/"]}]},{"@type":"ImageObject","inLanguage":"it-IT","@id":"https:\/\/winandofficews.com\/italy\/about\/#primaryimage","url":"","contentUrl":""},{"@type":"BreadcrumbList","@id":"https:\/\/winandofficews.com\/italy\/about\/#breadcrumb","itemListElement":[{"@type":"ListItem","position":1,"name":"Home","item":"https:\/\/winandofficews.com\/italy\/"},{"@type":"ListItem","position":2,"name":"Chi siamo"}]},{"@type":"WebSite","@id":"https:\/\/winandofficews.com\/italy\/#website","url":"https:\/\/winandofficews.com\/italy\/","name":"Italy","description":"Wholesales Store of Office","publisher":{"@id":"https:\/\/winandofficews.com\/italy\/#organization"},"potentialAction":[{"@type":"SearchAction","target":{"@type":"EntryPoint","urlTemplate":"https:\/\/winandofficews.com\/italy\/?s={search_term_string}"},"query-input":{"@type":"PropertyValueSpecification","valueRequired":true,"valueName":"search_term_string"}}],"inLanguage":"it-IT"},{"@type":"Organization","@id":"https:\/\/winandofficews.com\/italy\/#organization","name":"Italy","url":"https:\/\/winandofficews.com\/italy\/","logo":{"@type":"ImageObject","inLanguage":"it-IT","@id":"https:\/\/winandofficews.com\/italy\/#\/schema\/logo\/image\/","url":"https:\/\/winandofficews.com\/italy\/wp-content\/uploads\/sites\/18\/logo14.png","contentUrl":"https:\/\/winandofficews.com\/italy\/wp-content\/uploads\/sites\/18\/logo14.png","width":322,"height":116,"caption":"Italy"},"image":{"@id":"https:\/\/winandofficews.com\/italy\/#\/schema\/logo\/image\/"}}]}},"_links":{"self":[{"href":"https:\/\/winandofficews.com\/italy\/wp-json\/wp\/v2\/pages\/980","targetHints":{"allow":["GET"]}}],"collection":[{"href":"https:\/\/winandofficews.com\/italy\/wp-json\/wp\/v2\/pages"}],"about":[{"href":"https:\/\/winandofficews.com\/italy\/wp-json\/wp\/v2\/types\/page"}],"author":[{"embeddable":true,"href":"https:\/\/winandofficews.com\/italy\/wp-json\/wp\/v2\/users\/1"}],"replies":[{"embeddable":true,"href":"https:\/\/winandofficews.com\/italy\/wp-json\/wp\/v2\/comments?post=980"}],"version-history":[{"count":0,"href":"https:\/\/winandofficews.com\/italy\/wp-json\/wp\/v2\/pages\/980\/revisions"}],"wp:attachment":[{"href":"https:\/\/winandofficews.com\/italy\/wp-json\/wp\/v2\/media?parent=980"}],"curies":[{"name":"wp","href":"https:\/\/api.w.org\/{rel}","templated":true}]}}