{"id":87584,"date":"2025-06-19T13:32:54","date_gmt":"2025-06-19T11:32:54","guid":{"rendered":"https:\/\/winandofficews.com\/france\/?post_type=product&#038;p=87584"},"modified":"2026-04-14T04:55:45","modified_gmt":"2026-04-14T02:55:45","slug":"microsoft-windows-server-2022-standard-licence-pour-3-pc","status":"publish","type":"product","link":"https:\/\/winandofficews.com\/france\/product\/microsoft-windows-server-2022-standard-licence-pour-3-pc\/","title":{"rendered":"Microsoft Windows Server 2022 Standard licence pour 3 PC"},"content":{"rendered":"<p>Microsoft Windows Server 2022 vous aide \u00e0 d\u00e9velopper votre entreprise et \u00e0 \u00e9tendre vos op\u00e9rations au cloud \u00e0 partir d&#8217;une position de force. Il maximise vos investissements existants et s&#8217;appuie sur la s\u00e9curit\u00e9 de Microsoft Windows Server, l&#8217;innovation des applications et les capacit\u00e9s d&#8217;infrastructure hyperconverg\u00e9e pour vous aider \u00e0 relier vos investissements sur site au cloud.<\/p>\n<h4>Microsoft Windows Server 2022 est disponible en trois \u00e9ditions pour diff\u00e9rents environnements :<\/h4>\n<ul>\n<li><strong>Microsoft Windows Server 2022 Essentials<\/strong> est destin\u00e9 aux petites entreprises comptant jusqu&#8217;\u00e0 25 utilisateurs et 50 appareils. Aucune licence suppl\u00e9mentaire pour acc\u00e9der au serveur (CAL) n&#8217;est requise<\/li>\n<li><strong>Microsoft Windows Server 2022 Standard<\/strong> est parfait pour les environnements physiques ou peu virtualis\u00e9s. Ce mod\u00e8le de licence bas\u00e9 sur le c\u0153ur n\u00e9cessite des licences pour acc\u00e9der au serveur (CAL)<\/li>\n<li><strong>Microsoft Windows Server 2022 Datacenter<\/strong> est parfaitement adapt\u00e9 aux centres de donn\u00e9es hautement virtualis\u00e9s et aux environnements cloud. Ce mod\u00e8le de licence bas\u00e9 sur le c\u0153ur n\u00e9cessite des licences pour acc\u00e9der au serveur (CAL)<\/li>\n<\/ul>\n<p>Microsoft Windows Server 2022 est le syst\u00e8me d&#8217;exploitation qui relie les environnements sur site \u00e0 Azure, ajoutant des couches de s\u00e9curit\u00e9 suppl\u00e9mentaires tout en vous aidant \u00e0 moderniser vos applications et votre infrastructure.<\/p>\n<h4>Fonctionnalit\u00e9s hybrides avec Azure<\/h4>\n<p>\u00c9tendez votre centre de donn\u00e9es \u00e0 Azure pour optimiser vos investissements et b\u00e9n\u00e9ficier de nouvelles fonctionnalit\u00e9s hybrides.<\/p>\n<h4>S\u00e9curit\u00e9 multicouche avanc\u00e9e<\/h4>\n<p>Am\u00e9liorez votre posture de s\u00e9curit\u00e9 en prot\u00e9geant le centre de donn\u00e9es, en commen\u00e7ant par le syst\u00e8me d&#8217;exploitation.<\/p>\n<h4>Innovation plus rapide pour les applications<\/h4>\n<p>Activez la cr\u00e9ation d&#8217;applications cloud natives et modernisez les applications traditionnelles \u00e0 l&#8217;aide de conteneurs et de microservices.<\/p>\n<h4>Infrastructure hyperconverg\u00e9e sans pr\u00e9c\u00e9dent<\/h4>\n<p>Faites \u00e9voluer l&#8217;infrastructure de votre centre de donn\u00e9es pour gagner en efficacit\u00e9 et en s\u00e9curit\u00e9.<\/p>\n<h4>Configuration requise<\/h4>\n<ul>\n<li>Processeur : processeur 1,4 GHz 64 bits avec NX\/DEP<\/li>\n<li>RAM : 512 Mo (Server Core et Server Nano), 2 Go (avec vue bureau)<\/li>\n<li>Carte graphique et moniteur : 1024 \u00d7 768 pixels<\/li>\n<li>R\u00e9seau : Gigabit Ethernet<\/li>\n<li>Espace libre sur le disque dur : 32 Go d&#8217;espace libre sur le disque dur<\/li>\n<li>BIOS : syst\u00e8me UEFI avec d\u00e9marrage s\u00e9curis\u00e9 (UEFI 2.3.1c) (pour certaines fonctionnalit\u00e9s)<\/li>\n<\/ul>\n<p><strong>Assistance et support :<\/strong><\/p>\n<p>Pour toute question, n\u2019h\u00e9sitez pas \u00e0 nous contacter <a href=\"mailto:france@winandofficews.com\" target=\"_blank\" rel=\"noopener\">par e-mail<\/a>.<\/p>\n<p>Notre service client et support est disponible 7 jours sur 7 et 24 heures sur 24.<\/p>\n","protected":false},"excerpt":{"rendered":"<ul>\n<li>Microsoft Windows Server 2022 Standard<\/li>\n<li>Versions pour syst\u00e8mes 64 bits disponibles<\/li>\n<li>Livraison par e-mail : cl\u00e9 produit, notice, liens de t\u00e9l\u00e9chargement, facture.<\/li>\n<li>T\u00e9l\u00e9chargement instantan\u00e9!<\/li>\n<li>Sans limite de temps, sans abonnement.<\/li>\n<li>Assistance gratuite lors de l&#8217;installation et de l&#8217;activation.<\/li>\n<li>Non disponible sur support physique (USB, CD, etc.)<\/li>\n<li>Activation en ligne et par t\u00e9l\u00e9phone.<\/li>\n<li><strong>NON compatible avec Apple macOS&trade;, les processeurs Apple, Parallels pour Mac, les appareils Android et les Chromebooks.<\/strong><\/li>\n<\/ul>\n","protected":false},"featured_media":1000008048,"comment_status":"closed","ping_status":"closed","template":"","meta":{"_acf_changed":false},"product_brand":[],"product_cat":[255],"product_tag":[256,329,257,258],"class_list":{"0":"post-87584","1":"product","2":"type-product","3":"status-publish","4":"has-post-thumbnail","6":"product_cat-server","7":"product_tag-256","8":"product_tag-microsoft-windows-server-2022-standard-licence-pour-3-pc","9":"product_tag-server","10":"product_tag-standard","12":"first","13":"instock","14":"sale","15":"featured","16":"virtual","17":"taxable","18":"purchasable","19":"product-type-simple"},"acf":[],"yoast_head":"<!-- This site is optimized with the Yoast SEO plugin v27.4 - https:\/\/yoast.com\/product\/yoast-seo-wordpress\/ -->\n<title>Microsoft Windows Server 2022 Standard licence pour 3 PC - France<\/title>\n<meta name=\"robots\" content=\"index, follow, max-snippet:-1, max-image-preview:large, max-video-preview:-1\" \/>\n<link rel=\"canonical\" href=\"https:\/\/winandofficews.com\/france\/product\/microsoft-windows-server-2022-standard-licence-pour-3-pc\/\" \/>\n<meta property=\"og:locale\" content=\"fr_FR\" \/>\n<meta property=\"og:type\" content=\"article\" \/>\n<meta property=\"og:title\" content=\"Microsoft Windows Server 2022 Standard licence pour 3 PC - France\" \/>\n<meta property=\"og:description\" content=\"Microsoft Windows Server 2022 Standard  Versions pour syst\u00e8mes 64 bits disponibles  Livraison par e-mail : cl\u00e9 produit, notice, liens de t\u00e9l\u00e9chargement, facture.  T\u00e9l\u00e9chargement instantan\u00e9!  Sans limite de temps, sans abonnement.  Assistance gratuite lors de l&#039;installation et de l&#039;activation.  Non disponible sur support physique (USB, CD, etc.)  Activation en ligne et par t\u00e9l\u00e9phone.  NON compatible avec Apple macOS&trade;, les processeurs Apple, Parallels pour Mac, les appareils Android et les Chromebooks.\" \/>\n<meta property=\"og:url\" content=\"https:\/\/winandofficews.com\/france\/product\/microsoft-windows-server-2022-standard-licence-pour-3-pc\/\" \/>\n<meta property=\"og:site_name\" content=\"France\" \/>\n<meta property=\"article:modified_time\" content=\"2026-04-14T02:55:45+00:00\" \/>\n<meta name=\"twitter:card\" content=\"summary_large_image\" \/>\n<meta name=\"twitter:label1\" content=\"Dur\u00e9e de lecture estim\u00e9e\" \/>\n\t<meta name=\"twitter:data1\" content=\"3 minutes\" \/>\n<script type=\"application\/ld+json\" class=\"yoast-schema-graph\">{\"@context\":\"https:\\\/\\\/schema.org\",\"@graph\":[{\"@type\":\"WebPage\",\"@id\":\"https:\\\/\\\/winandofficews.com\\\/france\\\/product\\\/microsoft-windows-server-2022-standard-licence-pour-3-pc\\\/\",\"url\":\"https:\\\/\\\/winandofficews.com\\\/france\\\/product\\\/microsoft-windows-server-2022-standard-licence-pour-3-pc\\\/\",\"name\":\"Microsoft Windows Server 2022 Standard licence pour 3 PC - France\",\"isPartOf\":{\"@id\":\"https:\\\/\\\/winandofficews.com\\\/france\\\/#website\"},\"primaryImageOfPage\":{\"@id\":\"https:\\\/\\\/winandofficews.com\\\/france\\\/product\\\/microsoft-windows-server-2022-standard-licence-pour-3-pc\\\/#primaryimage\"},\"image\":{\"@id\":\"https:\\\/\\\/winandofficews.com\\\/france\\\/product\\\/microsoft-windows-server-2022-standard-licence-pour-3-pc\\\/#primaryimage\"},\"thumbnailUrl\":\"https:\\\/\\\/winandofficews.com\\\/france\\\/wp-content\\\/uploads\\\/ws22-std.jpg\",\"datePublished\":\"2025-06-19T11:32:54+00:00\",\"dateModified\":\"2026-04-14T02:55:45+00:00\",\"breadcrumb\":{\"@id\":\"https:\\\/\\\/winandofficews.com\\\/france\\\/product\\\/microsoft-windows-server-2022-standard-licence-pour-3-pc\\\/#breadcrumb\"},\"inLanguage\":\"fr-FR\",\"potentialAction\":[{\"@type\":\"ReadAction\",\"target\":[\"https:\\\/\\\/winandofficews.com\\\/france\\\/product\\\/microsoft-windows-server-2022-standard-licence-pour-3-pc\\\/\"]}]},{\"@type\":\"ImageObject\",\"inLanguage\":\"fr-FR\",\"@id\":\"https:\\\/\\\/winandofficews.com\\\/france\\\/product\\\/microsoft-windows-server-2022-standard-licence-pour-3-pc\\\/#primaryimage\",\"url\":\"https:\\\/\\\/winandofficews.com\\\/france\\\/wp-content\\\/uploads\\\/ws22-std.jpg\",\"contentUrl\":\"https:\\\/\\\/winandofficews.com\\\/france\\\/wp-content\\\/uploads\\\/ws22-std.jpg\"},{\"@type\":\"BreadcrumbList\",\"@id\":\"https:\\\/\\\/winandofficews.com\\\/france\\\/product\\\/microsoft-windows-server-2022-standard-licence-pour-3-pc\\\/#breadcrumb\",\"itemListElement\":[{\"@type\":\"ListItem\",\"position\":1,\"name\":\"Home\",\"item\":\"https:\\\/\\\/winandofficews.com\\\/france\\\/\"},{\"@type\":\"ListItem\",\"position\":2,\"name\":\"Boutique\",\"item\":\"https:\\\/\\\/winandofficews.com\\\/france\\\/shop\\\/\"},{\"@type\":\"ListItem\",\"position\":3,\"name\":\"Microsoft Windows Server 2022 Standard licence pour 3 PC\"}]},{\"@type\":\"WebSite\",\"@id\":\"https:\\\/\\\/winandofficews.com\\\/france\\\/#website\",\"url\":\"https:\\\/\\\/winandofficews.com\\\/france\\\/\",\"name\":\"France\",\"description\":\"Wholesales Store of Office\",\"publisher\":{\"@id\":\"https:\\\/\\\/winandofficews.com\\\/france\\\/#organization\"},\"potentialAction\":[{\"@type\":\"SearchAction\",\"target\":{\"@type\":\"EntryPoint\",\"urlTemplate\":\"https:\\\/\\\/winandofficews.com\\\/france\\\/?s={search_term_string}\"},\"query-input\":{\"@type\":\"PropertyValueSpecification\",\"valueRequired\":true,\"valueName\":\"search_term_string\"}}],\"inLanguage\":\"fr-FR\"},{\"@type\":\"Organization\",\"@id\":\"https:\\\/\\\/winandofficews.com\\\/france\\\/#organization\",\"name\":\"France\",\"url\":\"https:\\\/\\\/winandofficews.com\\\/france\\\/\",\"logo\":{\"@type\":\"ImageObject\",\"inLanguage\":\"fr-FR\",\"@id\":\"https:\\\/\\\/winandofficews.com\\\/france\\\/#\\\/schema\\\/logo\\\/image\\\/\",\"url\":\"https:\\\/\\\/winandofficews.com\\\/france\\\/wp-content\\\/uploads\\\/sites\\\/13\\\/logo14.png\",\"contentUrl\":\"https:\\\/\\\/winandofficews.com\\\/france\\\/wp-content\\\/uploads\\\/sites\\\/13\\\/logo14.png\",\"width\":322,\"height\":116,\"caption\":\"France\"},\"image\":{\"@id\":\"https:\\\/\\\/winandofficews.com\\\/france\\\/#\\\/schema\\\/logo\\\/image\\\/\"}}]}<\/script>\n<!-- \/ Yoast SEO plugin. -->","yoast_head_json":{"title":"Microsoft Windows Server 2022 Standard licence pour 3 PC - France","robots":{"index":"index","follow":"follow","max-snippet":"max-snippet:-1","max-image-preview":"max-image-preview:large","max-video-preview":"max-video-preview:-1"},"canonical":"https:\/\/winandofficews.com\/france\/product\/microsoft-windows-server-2022-standard-licence-pour-3-pc\/","og_locale":"fr_FR","og_type":"article","og_title":"Microsoft Windows Server 2022 Standard licence pour 3 PC - France","og_description":"Microsoft Windows Server 2022 Standard  Versions pour syst\u00e8mes 64 bits disponibles  Livraison par e-mail : cl\u00e9 produit, notice, liens de t\u00e9l\u00e9chargement, facture.  T\u00e9l\u00e9chargement instantan\u00e9!  Sans limite de temps, sans abonnement.  Assistance gratuite lors de l'installation et de l'activation.  Non disponible sur support physique (USB, CD, etc.)  Activation en ligne et par t\u00e9l\u00e9phone.  NON compatible avec Apple macOS&trade;, les processeurs Apple, Parallels pour Mac, les appareils Android et les Chromebooks.","og_url":"https:\/\/winandofficews.com\/france\/product\/microsoft-windows-server-2022-standard-licence-pour-3-pc\/","og_site_name":"France","article_modified_time":"2026-04-14T02:55:45+00:00","twitter_card":"summary_large_image","twitter_misc":{"Dur\u00e9e de lecture estim\u00e9e":"3 minutes"},"schema":{"@context":"https:\/\/schema.org","@graph":[{"@type":"WebPage","@id":"https:\/\/winandofficews.com\/france\/product\/microsoft-windows-server-2022-standard-licence-pour-3-pc\/","url":"https:\/\/winandofficews.com\/france\/product\/microsoft-windows-server-2022-standard-licence-pour-3-pc\/","name":"Microsoft Windows Server 2022 Standard licence pour 3 PC - France","isPartOf":{"@id":"https:\/\/winandofficews.com\/france\/#website"},"primaryImageOfPage":{"@id":"https:\/\/winandofficews.com\/france\/product\/microsoft-windows-server-2022-standard-licence-pour-3-pc\/#primaryimage"},"image":{"@id":"https:\/\/winandofficews.com\/france\/product\/microsoft-windows-server-2022-standard-licence-pour-3-pc\/#primaryimage"},"thumbnailUrl":"https:\/\/winandofficews.com\/france\/wp-content\/uploads\/ws22-std.jpg","datePublished":"2025-06-19T11:32:54+00:00","dateModified":"2026-04-14T02:55:45+00:00","breadcrumb":{"@id":"https:\/\/winandofficews.com\/france\/product\/microsoft-windows-server-2022-standard-licence-pour-3-pc\/#breadcrumb"},"inLanguage":"fr-FR","potentialAction":[{"@type":"ReadAction","target":["https:\/\/winandofficews.com\/france\/product\/microsoft-windows-server-2022-standard-licence-pour-3-pc\/"]}]},{"@type":"ImageObject","inLanguage":"fr-FR","@id":"https:\/\/winandofficews.com\/france\/product\/microsoft-windows-server-2022-standard-licence-pour-3-pc\/#primaryimage","url":"https:\/\/winandofficews.com\/france\/wp-content\/uploads\/ws22-std.jpg","contentUrl":"https:\/\/winandofficews.com\/france\/wp-content\/uploads\/ws22-std.jpg"},{"@type":"BreadcrumbList","@id":"https:\/\/winandofficews.com\/france\/product\/microsoft-windows-server-2022-standard-licence-pour-3-pc\/#breadcrumb","itemListElement":[{"@type":"ListItem","position":1,"name":"Home","item":"https:\/\/winandofficews.com\/france\/"},{"@type":"ListItem","position":2,"name":"Boutique","item":"https:\/\/winandofficews.com\/france\/shop\/"},{"@type":"ListItem","position":3,"name":"Microsoft Windows Server 2022 Standard licence pour 3 PC"}]},{"@type":"WebSite","@id":"https:\/\/winandofficews.com\/france\/#website","url":"https:\/\/winandofficews.com\/france\/","name":"France","description":"Wholesales Store of Office","publisher":{"@id":"https:\/\/winandofficews.com\/france\/#organization"},"potentialAction":[{"@type":"SearchAction","target":{"@type":"EntryPoint","urlTemplate":"https:\/\/winandofficews.com\/france\/?s={search_term_string}"},"query-input":{"@type":"PropertyValueSpecification","valueRequired":true,"valueName":"search_term_string"}}],"inLanguage":"fr-FR"},{"@type":"Organization","@id":"https:\/\/winandofficews.com\/france\/#organization","name":"France","url":"https:\/\/winandofficews.com\/france\/","logo":{"@type":"ImageObject","inLanguage":"fr-FR","@id":"https:\/\/winandofficews.com\/france\/#\/schema\/logo\/image\/","url":"https:\/\/winandofficews.com\/france\/wp-content\/uploads\/sites\/13\/logo14.png","contentUrl":"https:\/\/winandofficews.com\/france\/wp-content\/uploads\/sites\/13\/logo14.png","width":322,"height":116,"caption":"France"},"image":{"@id":"https:\/\/winandofficews.com\/france\/#\/schema\/logo\/image\/"}}]}},"_links":{"self":[{"href":"https:\/\/winandofficews.com\/france\/wp-json\/wp\/v2\/product\/87584","targetHints":{"allow":["GET"]}}],"collection":[{"href":"https:\/\/winandofficews.com\/france\/wp-json\/wp\/v2\/product"}],"about":[{"href":"https:\/\/winandofficews.com\/france\/wp-json\/wp\/v2\/types\/product"}],"replies":[{"embeddable":true,"href":"https:\/\/winandofficews.com\/france\/wp-json\/wp\/v2\/comments?post=87584"}],"wp:featuredmedia":[{"embeddable":true,"href":"https:\/\/winandofficews.com\/france\/wp-json\/"}],"wp:attachment":[{"href":"https:\/\/winandofficews.com\/france\/wp-json\/wp\/v2\/media?parent=87584"}],"wp:term":[{"taxonomy":"product_brand","embeddable":true,"href":"https:\/\/winandofficews.com\/france\/wp-json\/wp\/v2\/product_brand?post=87584"},{"taxonomy":"product_cat","embeddable":true,"href":"https:\/\/winandofficews.com\/france\/wp-json\/wp\/v2\/product_cat?post=87584"},{"taxonomy":"product_tag","embeddable":true,"href":"https:\/\/winandofficews.com\/france\/wp-json\/wp\/v2\/product_tag?post=87584"}],"curies":[{"name":"wp","href":"https:\/\/api.w.org\/{rel}","templated":true}]}}