{"id":3500,"date":"2021-06-29T16:36:32","date_gmt":"2021-06-29T16:36:32","guid":{"rendered":"https:\/\/winandofficews.com\/france\/?page_id=3500"},"modified":"2025-06-19T14:58:31","modified_gmt":"2025-06-19T12:58:31","slug":"payment-methods","status":"publish","type":"page","link":"https:\/\/winandofficews.com\/france\/payment-methods\/","title":{"rendered":"Modes de paiement"},"content":{"rendered":"<p><span style=\"font-size: 24pt;\"><strong>Carte de d\u00e9bit\/cr\u00e9dit<\/strong><\/span><\/p>\n<p>Payez rapidement et facilement avec votre carte de d\u00e9bit ou de cr\u00e9dit. Votre paiement sera confirm\u00e9 en quelques minutes et votre commande sera trait\u00e9e imm\u00e9diatement.<\/p>\n<p><strong><span style=\"font-size: 24pt;\">Google Pay<\/span><\/strong><\/p>\n<p>est un service de paiement qui vous permet d&#8217;utiliser les moyens de paiement associ\u00e9s \u00e0 un compte Google Pay pour effectuer des achats sur des sites web tiers.<\/p>\n<p><span style=\"font-size: 24pt;\"><strong>Apple Pay<\/strong><\/span><\/p>\n<p>est un service de paiement qui vous permet d&#8217;utiliser les moyens de paiement associ\u00e9s \u00e0 un compte Apple Pay pour effectuer des achats sur des sites web tiers.<\/p>\n","protected":false},"excerpt":{"rendered":"<p>Carte de d\u00e9bit\/cr\u00e9dit Payez rapidement et facilement avec votre carte de d\u00e9bit ou de cr\u00e9dit. Votre paiement sera confirm\u00e9 en quelques minutes et votre commande sera trait\u00e9e imm\u00e9diatement. Google Pay est un service de paiement qui vous permet d&#8217;utiliser les moyens de paiement associ\u00e9s \u00e0 un compte Google Pay pour&hellip; <\/p>\n","protected":false},"author":1,"featured_media":0,"parent":0,"menu_order":0,"comment_status":"closed","ping_status":"closed","template":"","meta":{"_acf_changed":false,"footnotes":""},"class_list":["post-3500","page","type-page","status-publish","hentry"],"acf":[],"yoast_head":"<!-- This site is optimized with the Yoast SEO plugin v27.4 - https:\/\/yoast.com\/product\/yoast-seo-wordpress\/ -->\n<title>Modes de paiement - France<\/title>\n<meta name=\"robots\" content=\"index, follow, max-snippet:-1, max-image-preview:large, max-video-preview:-1\" \/>\n<link rel=\"canonical\" href=\"https:\/\/winandofficews.com\/france\/payment-methods\/\" \/>\n<meta property=\"og:locale\" content=\"fr_FR\" \/>\n<meta property=\"og:type\" content=\"article\" \/>\n<meta property=\"og:title\" content=\"Modes de paiement - France\" \/>\n<meta property=\"og:description\" content=\"Carte de d\u00e9bit\/cr\u00e9dit Payez rapidement et facilement avec votre carte de d\u00e9bit ou de cr\u00e9dit. Votre paiement sera confirm\u00e9 en quelques minutes et votre commande sera trait\u00e9e imm\u00e9diatement. Google Pay est un service de paiement qui vous permet d&#8217;utiliser les moyens de paiement associ\u00e9s \u00e0 un compte Google Pay pour&hellip;\" \/>\n<meta property=\"og:url\" content=\"https:\/\/winandofficews.com\/france\/payment-methods\/\" \/>\n<meta property=\"og:site_name\" content=\"France\" \/>\n<meta property=\"article:modified_time\" content=\"2025-06-19T12:58:31+00:00\" \/>\n<meta name=\"twitter:card\" content=\"summary_large_image\" \/>\n<meta name=\"twitter:label1\" content=\"Dur\u00e9e de lecture estim\u00e9e\" \/>\n\t<meta name=\"twitter:data1\" content=\"1 minute\" \/>\n<script type=\"application\/ld+json\" class=\"yoast-schema-graph\">{\"@context\":\"https:\\\/\\\/schema.org\",\"@graph\":[{\"@type\":\"WebPage\",\"@id\":\"https:\\\/\\\/winandofficews.com\\\/france\\\/payment-methods\\\/\",\"url\":\"https:\\\/\\\/winandofficews.com\\\/france\\\/payment-methods\\\/\",\"name\":\"Modes de paiement - France\",\"isPartOf\":{\"@id\":\"https:\\\/\\\/winandofficews.com\\\/france\\\/#website\"},\"datePublished\":\"2021-06-29T16:36:32+00:00\",\"dateModified\":\"2025-06-19T12:58:31+00:00\",\"breadcrumb\":{\"@id\":\"https:\\\/\\\/winandofficews.com\\\/france\\\/payment-methods\\\/#breadcrumb\"},\"inLanguage\":\"fr-FR\",\"potentialAction\":[{\"@type\":\"ReadAction\",\"target\":[\"https:\\\/\\\/winandofficews.com\\\/france\\\/payment-methods\\\/\"]}]},{\"@type\":\"BreadcrumbList\",\"@id\":\"https:\\\/\\\/winandofficews.com\\\/france\\\/payment-methods\\\/#breadcrumb\",\"itemListElement\":[{\"@type\":\"ListItem\",\"position\":1,\"name\":\"Home\",\"item\":\"https:\\\/\\\/winandofficews.com\\\/france\\\/\"},{\"@type\":\"ListItem\",\"position\":2,\"name\":\"Modes de paiement\"}]},{\"@type\":\"WebSite\",\"@id\":\"https:\\\/\\\/winandofficews.com\\\/france\\\/#website\",\"url\":\"https:\\\/\\\/winandofficews.com\\\/france\\\/\",\"name\":\"France\",\"description\":\"Wholesales Store of Office\",\"publisher\":{\"@id\":\"https:\\\/\\\/winandofficews.com\\\/france\\\/#organization\"},\"potentialAction\":[{\"@type\":\"SearchAction\",\"target\":{\"@type\":\"EntryPoint\",\"urlTemplate\":\"https:\\\/\\\/winandofficews.com\\\/france\\\/?s={search_term_string}\"},\"query-input\":{\"@type\":\"PropertyValueSpecification\",\"valueRequired\":true,\"valueName\":\"search_term_string\"}}],\"inLanguage\":\"fr-FR\"},{\"@type\":\"Organization\",\"@id\":\"https:\\\/\\\/winandofficews.com\\\/france\\\/#organization\",\"name\":\"France\",\"url\":\"https:\\\/\\\/winandofficews.com\\\/france\\\/\",\"logo\":{\"@type\":\"ImageObject\",\"inLanguage\":\"fr-FR\",\"@id\":\"https:\\\/\\\/winandofficews.com\\\/france\\\/#\\\/schema\\\/logo\\\/image\\\/\",\"url\":\"https:\\\/\\\/winandofficews.com\\\/france\\\/wp-content\\\/uploads\\\/sites\\\/13\\\/logo14.png\",\"contentUrl\":\"https:\\\/\\\/winandofficews.com\\\/france\\\/wp-content\\\/uploads\\\/sites\\\/13\\\/logo14.png\",\"width\":322,\"height\":116,\"caption\":\"France\"},\"image\":{\"@id\":\"https:\\\/\\\/winandofficews.com\\\/france\\\/#\\\/schema\\\/logo\\\/image\\\/\"}}]}<\/script>\n<!-- \/ Yoast SEO plugin. -->","yoast_head_json":{"title":"Modes de paiement - France","robots":{"index":"index","follow":"follow","max-snippet":"max-snippet:-1","max-image-preview":"max-image-preview:large","max-video-preview":"max-video-preview:-1"},"canonical":"https:\/\/winandofficews.com\/france\/payment-methods\/","og_locale":"fr_FR","og_type":"article","og_title":"Modes de paiement - France","og_description":"Carte de d\u00e9bit\/cr\u00e9dit Payez rapidement et facilement avec votre carte de d\u00e9bit ou de cr\u00e9dit. Votre paiement sera confirm\u00e9 en quelques minutes et votre commande sera trait\u00e9e imm\u00e9diatement. Google Pay est un service de paiement qui vous permet d&#8217;utiliser les moyens de paiement associ\u00e9s \u00e0 un compte Google Pay pour&hellip;","og_url":"https:\/\/winandofficews.com\/france\/payment-methods\/","og_site_name":"France","article_modified_time":"2025-06-19T12:58:31+00:00","twitter_card":"summary_large_image","twitter_misc":{"Dur\u00e9e de lecture estim\u00e9e":"1 minute"},"schema":{"@context":"https:\/\/schema.org","@graph":[{"@type":"WebPage","@id":"https:\/\/winandofficews.com\/france\/payment-methods\/","url":"https:\/\/winandofficews.com\/france\/payment-methods\/","name":"Modes de paiement - France","isPartOf":{"@id":"https:\/\/winandofficews.com\/france\/#website"},"datePublished":"2021-06-29T16:36:32+00:00","dateModified":"2025-06-19T12:58:31+00:00","breadcrumb":{"@id":"https:\/\/winandofficews.com\/france\/payment-methods\/#breadcrumb"},"inLanguage":"fr-FR","potentialAction":[{"@type":"ReadAction","target":["https:\/\/winandofficews.com\/france\/payment-methods\/"]}]},{"@type":"BreadcrumbList","@id":"https:\/\/winandofficews.com\/france\/payment-methods\/#breadcrumb","itemListElement":[{"@type":"ListItem","position":1,"name":"Home","item":"https:\/\/winandofficews.com\/france\/"},{"@type":"ListItem","position":2,"name":"Modes de paiement"}]},{"@type":"WebSite","@id":"https:\/\/winandofficews.com\/france\/#website","url":"https:\/\/winandofficews.com\/france\/","name":"France","description":"Wholesales Store of Office","publisher":{"@id":"https:\/\/winandofficews.com\/france\/#organization"},"potentialAction":[{"@type":"SearchAction","target":{"@type":"EntryPoint","urlTemplate":"https:\/\/winandofficews.com\/france\/?s={search_term_string}"},"query-input":{"@type":"PropertyValueSpecification","valueRequired":true,"valueName":"search_term_string"}}],"inLanguage":"fr-FR"},{"@type":"Organization","@id":"https:\/\/winandofficews.com\/france\/#organization","name":"France","url":"https:\/\/winandofficews.com\/france\/","logo":{"@type":"ImageObject","inLanguage":"fr-FR","@id":"https:\/\/winandofficews.com\/france\/#\/schema\/logo\/image\/","url":"https:\/\/winandofficews.com\/france\/wp-content\/uploads\/sites\/13\/logo14.png","contentUrl":"https:\/\/winandofficews.com\/france\/wp-content\/uploads\/sites\/13\/logo14.png","width":322,"height":116,"caption":"France"},"image":{"@id":"https:\/\/winandofficews.com\/france\/#\/schema\/logo\/image\/"}}]}},"_links":{"self":[{"href":"https:\/\/winandofficews.com\/france\/wp-json\/wp\/v2\/pages\/3500","targetHints":{"allow":["GET"]}}],"collection":[{"href":"https:\/\/winandofficews.com\/france\/wp-json\/wp\/v2\/pages"}],"about":[{"href":"https:\/\/winandofficews.com\/france\/wp-json\/wp\/v2\/types\/page"}],"author":[{"embeddable":true,"href":"https:\/\/winandofficews.com\/france\/wp-json\/wp\/v2\/users\/1"}],"replies":[{"embeddable":true,"href":"https:\/\/winandofficews.com\/france\/wp-json\/wp\/v2\/comments?post=3500"}],"version-history":[{"count":0,"href":"https:\/\/winandofficews.com\/france\/wp-json\/wp\/v2\/pages\/3500\/revisions"}],"wp:attachment":[{"href":"https:\/\/winandofficews.com\/france\/wp-json\/wp\/v2\/media?parent=3500"}],"curies":[{"name":"wp","href":"https:\/\/api.w.org\/{rel}","templated":true}]}}